{"id":2,"date":"2013-04-23T15:18:43","date_gmt":"2013-04-23T15:18:43","guid":{"rendered":"http:\/\/blog.ti-beltcleaner.de\/?page_id=2"},"modified":"2013-04-24T09:17:47","modified_gmt":"2013-04-24T09:17:47","slug":"sample-page","status":"publish","type":"page","link":"http:\/\/blog.ti-beltcleaner.de\/?page_id=2","title":{"rendered":"TI Beltcleaner"},"content":{"rendered":"<p>In den letzten 10 Jahren hat sich T&amp;I zum wohl kreativsten und innovationsfreudigsten Hersteller von Gurtreinigungssystemen entwickelt. Immer wieder f\u00fchren neue Herausforderungen zu neuen Ideen und Variationen, die immer sofort in die Praxis umgesetzt werden.<\/p>\n<p>Unsere Philosophie ist dabei ziemlich einfach: ein Auftrag ist erst dann abgewickelt ist, wenn die optimale L\u00f6sung erfolgreich im t\u00e4glichen Betrieb l\u00e4uft. Aus der Vielzahl an Produkten entwickelten sich dabei im Produktbereich Gurtreinigungssysteme drei Produktlinien.<\/p>\n<ul>\n<li>Die TI Basic Line BL f\u00fcr Standardanwendungen mit einfachen Belastungen.<\/li>\n<li>Die TI Premium Line PL f\u00fcr Anwendungen mit hohen Anforderungen und hohen Belastungen.<\/li>\n<li>Die TI Heavy Duty Line HD f\u00fcr Anwendungen mit schwersten Belastungen.<\/li>\n<\/ul>\n","protected":false},"excerpt":{"rendered":"<p>In den letzten 10 Jahren hat sich T&amp;I zum wohl kreativsten und innovationsfreudigsten Hersteller von Gurtreinigungssystemen entwickelt. Immer wieder f\u00fchren neue Herausforderungen zu neuen Ideen und Variationen, die immer sofort in die Praxis umgesetzt werden. Unsere Philosophie ist dabei ziemlich &hellip; <a href=\"http:\/\/blog.ti-beltcleaner.de\/?page_id=2\">Weiterlesen <span class=\"meta-nav\">&rarr;<\/span><\/a><\/p>\n","protected":false},"author":1,"featured_media":0,"parent":0,"menu_order":0,"comment_status":"closed","ping_status":"closed","template":"","meta":{"footnotes":""},"class_list":["post-2","page","type-page","status-publish","hentry"],"_links":{"self":[{"href":"http:\/\/blog.ti-beltcleaner.de\/index.php?rest_route=\/wp\/v2\/pages\/2","targetHints":{"allow":["GET"]}}],"collection":[{"href":"http:\/\/blog.ti-beltcleaner.de\/index.php?rest_route=\/wp\/v2\/pages"}],"about":[{"href":"http:\/\/blog.ti-beltcleaner.de\/index.php?rest_route=\/wp\/v2\/types\/page"}],"author":[{"embeddable":true,"href":"http:\/\/blog.ti-beltcleaner.de\/index.php?rest_route=\/wp\/v2\/users\/1"}],"replies":[{"embeddable":true,"href":"http:\/\/blog.ti-beltcleaner.de\/index.php?rest_route=%2Fwp%2Fv2%2Fcomments&post=2"}],"version-history":[{"count":5,"href":"http:\/\/blog.ti-beltcleaner.de\/index.php?rest_route=\/wp\/v2\/pages\/2\/revisions"}],"predecessor-version":[{"id":112,"href":"http:\/\/blog.ti-beltcleaner.de\/index.php?rest_route=\/wp\/v2\/pages\/2\/revisions\/112"}],"wp:attachment":[{"href":"http:\/\/blog.ti-beltcleaner.de\/index.php?rest_route=%2Fwp%2Fv2%2Fmedia&parent=2"}],"curies":[{"name":"wp","href":"https:\/\/api.w.org\/{rel}","templated":true}]}}